{"id":524,"date":"2025-09-03T11:33:45","date_gmt":"2025-09-03T09:33:45","guid":{"rendered":"https:\/\/foerderverein-jugend-und-erinnerungskultur.eu\/?page_id=524"},"modified":"2025-09-03T14:06:54","modified_gmt":"2025-09-03T12:06:54","slug":"ueber-uns","status":"publish","type":"page","link":"https:\/\/foerderverein-jugend-und-erinnerungskultur.eu\/?page_id=524","title":{"rendered":"\u00dcBER UNS"},"content":{"rendered":"<div data-colibri-id=\"524-c1\" class=\"style-432 style-local-524-c1 position-relative\">\n  <!---->\n  <div data-colibri-component=\"section\" data-colibri-id=\"524-c2\" id=\"about\" class=\"h-section h-section-global-spacing d-flex align-items-lg-center align-items-md-center align-items-center style-433 style-local-524-c2 position-relative\">\n    <!---->\n    <!---->\n    <div class=\"h-section-grid-container h-section-boxed-container\">\n      <!---->\n      <div data-colibri-id=\"524-c3\" class=\"h-row-container gutters-row-lg-2 gutters-row-md-2 gutters-row-2 gutters-row-v-lg-2 gutters-row-v-md-2 gutters-row-v-2 style-434 style-local-524-c3 position-relative\">\n        <!---->\n        <div class=\"h-row justify-content-lg-center justify-content-md-center justify-content-center align-items-lg-stretch align-items-md-stretch align-items-stretch gutters-col-lg-2 gutters-col-md-2 gutters-col-2 gutters-col-v-lg-2 gutters-col-v-md-2 gutters-col-v-2\">\n          <!---->\n          <div class=\"h-column h-column-container d-flex h-col-lg-auto h-col-md-auto h-col-auto style-435-outer style-local-524-c4-outer\">\n            <div data-colibri-id=\"524-c4\" class=\"d-flex h-flex-basis h-column__inner h-px-lg-2 h-px-md-2 h-px-2 v-inner-lg-2 v-inner-md-2 v-inner-2 style-435 style-local-524-c4 position-relative\">\n              <!---->\n              <!---->\n              <div class=\"w-100 h-y-container h-column__content h-column__v-align flex-basis-100 align-self-lg-center align-self-md-center align-self-center\">\n                <!---->\n                <div data-colibri-id=\"524-c5\" class=\"h-global-transition-all h-heading style-436 style-local-524-c5 position-relative h-element\">\n                  <!---->\n                  <div class=\"h-heading__outer style-436 style-local-524-c5\">\n                    <!---->\n                    <!---->\n                    <h5 class=\"\">\u00dcBER DEN VEREIN<\/h5>\n                  <\/div>\n                <\/div>\n                <div data-colibri-id=\"524-c6\" class=\"h-global-transition-all h-heading style-437 style-local-524-c6 position-relative h-element\">\n                  <!---->\n                  <div class=\"h-heading__outer style-437 style-local-524-c6\">\n                    <!---->\n                    <!---->\n                    <h2 class=\"\">semper in memoria &#8211; immer in Erinnerung<\/h2>\n                  <\/div>\n                <\/div>\n                <div data-colibri-id=\"524-c7\" class=\"h-lead h-text h-text-component style-438 style-local-524-c7 position-relative h-element\">\n                  <!---->\n                  <!---->\n                  <div class=\"\">\n                    <p>Im Bewusstsein der tiefgreifenden Verantwortung, die uns aus der Geschichte erw\u00e4chst, engagieren wir uns aktiv f\u00fcr die F\u00f6rderung gemeinn\u00fctziger Projekte, die das Gedenken an bedeutende historische Ereignisse lebendig halten. Unser\n                      Ziel ist es, das kollektive Ged\u00e4chtnis nicht nur zu bewahren, sondern auch kontinuierlich zu st\u00e4rken, indem wir neue Wege der Erinnerungskultur erschlie\u00dfen und vielf\u00e4ltige Perspektiven einbeziehen.\n                      <br>\n                      <br>\n                    <\/p>\n                    <p>Ein besonderer Schwerpunkt unserer Arbeit liegt auf der intensiven Zusammenarbeit mit Schulen, Universit\u00e4ten und weiteren Bildungseinrichtungen. Durch gezielte Bildungsprogramme und interaktive Workshops m\u00f6chten wir junge Menschen\n                      fr\u00fchzeitig f\u00fcr die Relevanz historischer Entwicklungen sensibilisieren. Dabei ist es uns ein Anliegen, den Bezug zwischen Vergangenheit und Gegenwart herzustellen, um ein tieferes Verst\u00e4ndnis f\u00fcr gesellschaftliche Zusammenh\u00e4nge zu\n                      f\u00f6rdern.\n                      <br>\n                      <br>\n                    <\/p>\n                    <p>Wir gestalten ansprechende, innovative und zeitgem\u00e4\u00dfe Lernr\u00e4ume, die es den Lernenden erm\u00f6glichen, sich aktiv mit historischen Erfahrungen auseinanderzusetzen. Diese R\u00e4ume bieten nicht nur Platz f\u00fcr die Vermittlung von Wissen, sondern\n                      auch f\u00fcr kritische Reflexion und den Austausch von Gedanken. Durch kreative Methoden wie Film, Projekttage, Ausstellungen und digitale Lernplattformen schaffen wir inspirierende Umgebungen, in denen Geschichte greifbar und lebendig\n                      wird.\n                      <br>\n                      <br>\n                    <\/p>\n                    <p>Mit unserem Engagement tragen wir dazu bei, dass die wertvollen Lehren der Geschichte nicht in Vergessenheit geraten, sondern von Generation zu Generation weitergegeben werden. So f\u00f6rdern wir ein Bewusstsein f\u00fcr demokratische Werte,\n                      Toleranz und den respektvollen Umgang miteinander \u2013 Grundlagen, die f\u00fcr eine friedliche und gerechte Zukunft von unsch\u00e4tzbarer Bedeutung sind.<\/p>\n                    <p>\n                      <br>\n                    <\/p>\n                  <\/div>\n                <\/div>\n              <\/div>\n            <\/div>\n          <\/div>\n          <div class=\"h-column h-column-container d-flex h-col-lg-auto h-col-md-auto h-col-auto style-441-outer style-local-524-c10-outer\">\n            <div data-colibri-id=\"524-c10\" class=\"d-flex h-flex-basis h-column__inner h-px-lg-2 h-px-md-2 h-px-2 v-inner-lg-2 v-inner-md-2 v-inner-2 style-441 style-local-524-c10 position-relative\">\n              <!---->\n              <!---->\n              <div class=\"w-100 h-y-container h-column__content h-column__v-align flex-basis-100 align-self-lg-center align-self-md-center align-self-center\">\n                <!---->\n                <div data-colibri-id=\"524-c11\" class=\"d-block style-442 style-local-524-c11 position-relative h-element\">\n                  <!---->\n                  <div class=\"h-image__frame-container-outer\">\n                    <div class=\"h-image__frame-container\">\n                      <!---->\n                      <!---->\n                      <img loading=\"lazy\" decoding=\"async\" width=\"1904\" height=\"1910\" src=\"https:\/\/foerderverein-jugend-und-erinnerungskultur.eu\/wp-content\/uploads\/2025\/09\/cropped-LOGO-VEREIN_02-scaled-1.png\" class=\"wp-image-429 style-442-image style-local-524-c11-image\" alt=\"\" srcset=\"https:\/\/foerderverein-jugend-und-erinnerungskultur.eu\/wp-content\/uploads\/2025\/09\/cropped-LOGO-VEREIN_02-scaled-1.png 1904w, https:\/\/foerderverein-jugend-und-erinnerungskultur.eu\/wp-content\/uploads\/2025\/09\/cropped-LOGO-VEREIN_02-scaled-1-768x770.png 768w, https:\/\/foerderverein-jugend-und-erinnerungskultur.eu\/wp-content\/uploads\/2025\/09\/cropped-LOGO-VEREIN_02-scaled-1-1531x1536.png 1531w\" sizes=\"auto, (max-width: 1904px) 100vw, 1904px\" \/>\n                      <div class=\"h-image__frame h-hide-lg h-hide-md h-hide-sm style-442-frameImage style-local-524-c11-frameImage\"><\/div>\n                    <\/div>\n                  <\/div>\n                <\/div>\n              <\/div>\n            <\/div>\n          <\/div>\n        <\/div>\n      <\/div>\n    <\/div>\n  <\/div>\n<\/div>","protected":false},"excerpt":{"rendered":"<p>\u00dcBER DEN VEREIN semper in memoria &#8211; immer in Erinnerung Im Bewusstsein der tiefgreifenden Verantwortung, die uns aus der Geschichte erw\u00e4chst, engagieren wir uns aktiv f\u00fcr die F\u00f6rderung gemeinn\u00fctziger Projekte, die das Gedenken an bedeutende historische Ereignisse lebendig halten. Unser Ziel ist es, das kollektive Ged\u00e4chtnis nicht nur zu bewahren, sondern auch kontinuierlich zu st\u00e4rken, [&hellip;]<\/p>\n","protected":false},"author":1,"featured_media":0,"parent":0,"menu_order":0,"comment_status":"closed","ping_status":"closed","template":"page-templates\/full-width-page.php","meta":{"footnotes":""},"class_list":["post-524","page","type-page","status-publish","hentry"],"_links":{"self":[{"href":"https:\/\/foerderverein-jugend-und-erinnerungskultur.eu\/index.php?rest_route=\/wp\/v2\/pages\/524","targetHints":{"allow":["GET"]}}],"collection":[{"href":"https:\/\/foerderverein-jugend-und-erinnerungskultur.eu\/index.php?rest_route=\/wp\/v2\/pages"}],"about":[{"href":"https:\/\/foerderverein-jugend-und-erinnerungskultur.eu\/index.php?rest_route=\/wp\/v2\/types\/page"}],"author":[{"embeddable":true,"href":"https:\/\/foerderverein-jugend-und-erinnerungskultur.eu\/index.php?rest_route=\/wp\/v2\/users\/1"}],"replies":[{"embeddable":true,"href":"https:\/\/foerderverein-jugend-und-erinnerungskultur.eu\/index.php?rest_route=%2Fwp%2Fv2%2Fcomments&post=524"}],"version-history":[{"count":3,"href":"https:\/\/foerderverein-jugend-und-erinnerungskultur.eu\/index.php?rest_route=\/wp\/v2\/pages\/524\/revisions"}],"predecessor-version":[{"id":535,"href":"https:\/\/foerderverein-jugend-und-erinnerungskultur.eu\/index.php?rest_route=\/wp\/v2\/pages\/524\/revisions\/535"}],"wp:attachment":[{"href":"https:\/\/foerderverein-jugend-und-erinnerungskultur.eu\/index.php?rest_route=%2Fwp%2Fv2%2Fmedia&parent=524"}],"curies":[{"name":"wp","href":"https:\/\/api.w.org\/{rel}","templated":true}]}}

ÜBER UNS

<div data-colibri-id="524-c1" class="style-432 style-local-524-c1 position-relative">
  <!---->
  <div data-colibri-component="section" data-colibri-id="524-c2" id="about" class="h-section h-section-global-spacing d-flex align-items-lg-center align-items-md-center align-items-center style-433 style-local-524-c2 position-relative">
    <!---->
    <!---->
    <div class="h-section-grid-container h-section-boxed-container">
      <!---->
      <div data-colibri-id="524-c3" class="h-row-container gutters-row-lg-2 gutters-row-md-2 gutters-row-2 gutters-row-v-lg-2 gutters-row-v-md-2 gutters-row-v-2 style-434 style-local-524-c3 position-relative">
        <!---->
        <div class="h-row justify-content-lg-center justify-content-md-center justify-content-center align-items-lg-stretch align-items-md-stretch align-items-stretch gutters-col-lg-2 gutters-col-md-2 gutters-col-2 gutters-col-v-lg-2 gutters-col-v-md-2 gutters-col-v-2">
          <!---->
          <div class="h-column h-column-container d-flex h-col-lg-auto h-col-md-auto h-col-auto style-435-outer style-local-524-c4-outer">
            <div data-colibri-id="524-c4" class="d-flex h-flex-basis h-column__inner h-px-lg-2 h-px-md-2 h-px-2 v-inner-lg-2 v-inner-md-2 v-inner-2 style-435 style-local-524-c4 position-relative">
              <!---->
              <!---->
              <div class="w-100 h-y-container h-column__content h-column__v-align flex-basis-100 align-self-lg-center align-self-md-center align-self-center">
                <!---->
                <div data-colibri-id="524-c5" class="h-global-transition-all h-heading style-436 style-local-524-c5 position-relative h-element">
                  <!---->
                  <div class="h-heading__outer style-436 style-local-524-c5">
                    <!---->
                    <!---->
                    <h5 class="">ÜBER DEN VEREIN</h5>
                  </div>
                </div>
                <div data-colibri-id="524-c6" class="h-global-transition-all h-heading style-437 style-local-524-c6 position-relative h-element">
                  <!---->
                  <div class="h-heading__outer style-437 style-local-524-c6">
                    <!---->
                    <!---->
                    <h2 class="">semper in memoria &#8211; immer in Erinnerung</h2>
                  </div>
                </div>
                <div data-colibri-id="524-c7" class="h-lead h-text h-text-component style-438 style-local-524-c7 position-relative h-element">
                  <!---->
                  <!---->
                  <div class="">
                    <p>Im Bewusstsein der tiefgreifenden Verantwortung, die uns aus der Geschichte erwächst, engagieren wir uns aktiv für die Förderung gemeinnütziger Projekte, die das Gedenken an bedeutende historische Ereignisse lebendig halten. Unser
                      Ziel ist es, das kollektive Gedächtnis nicht nur zu bewahren, sondern auch kontinuierlich zu stärken, indem wir neue Wege der Erinnerungskultur erschließen und vielfältige Perspektiven einbeziehen.
                      <br>
                      <br>
                    </p>
                    <p>Ein besonderer Schwerpunkt unserer Arbeit liegt auf der intensiven Zusammenarbeit mit Schulen, Universitäten und weiteren Bildungseinrichtungen. Durch gezielte Bildungsprogramme und interaktive Workshops möchten wir junge Menschen
                      frühzeitig für die Relevanz historischer Entwicklungen sensibilisieren. Dabei ist es uns ein Anliegen, den Bezug zwischen Vergangenheit und Gegenwart herzustellen, um ein tieferes Verständnis für gesellschaftliche Zusammenhänge zu
                      fördern.
                      <br>
                      <br>
                    </p>
                    <p>Wir gestalten ansprechende, innovative und zeitgemäße Lernräume, die es den Lernenden ermöglichen, sich aktiv mit historischen Erfahrungen auseinanderzusetzen. Diese Räume bieten nicht nur Platz für die Vermittlung von Wissen, sondern
                      auch für kritische Reflexion und den Austausch von Gedanken. Durch kreative Methoden wie Film, Projekttage, Ausstellungen und digitale Lernplattformen schaffen wir inspirierende Umgebungen, in denen Geschichte greifbar und lebendig
                      wird.
                      <br>
                      <br>
                    </p>
                    <p>Mit unserem Engagement tragen wir dazu bei, dass die wertvollen Lehren der Geschichte nicht in Vergessenheit geraten, sondern von Generation zu Generation weitergegeben werden. So fördern wir ein Bewusstsein für demokratische Werte,
                      Toleranz und den respektvollen Umgang miteinander – Grundlagen, die für eine friedliche und gerechte Zukunft von unschätzbarer Bedeutung sind.</p>
                    <p>
                      <br>
                    </p>
                  </div>
                </div>
              </div>
            </div>
          </div>
          <div class="h-column h-column-container d-flex h-col-lg-auto h-col-md-auto h-col-auto style-441-outer style-local-524-c10-outer">
            <div data-colibri-id="524-c10" class="d-flex h-flex-basis h-column__inner h-px-lg-2 h-px-md-2 h-px-2 v-inner-lg-2 v-inner-md-2 v-inner-2 style-441 style-local-524-c10 position-relative">
              <!---->
              <!---->
              <div class="w-100 h-y-container h-column__content h-column__v-align flex-basis-100 align-self-lg-center align-self-md-center align-self-center">
                <!---->
                <div data-colibri-id="524-c11" class="d-block style-442 style-local-524-c11 position-relative h-element">
                  <!---->
                  <div class="h-image__frame-container-outer">
                    <div class="h-image__frame-container">
                      <!---->
                      <!---->
                      <img loading="lazy" decoding="async" width="1904" height="1910" src="https://foerderverein-jugend-und-erinnerungskultur.eu/wp-content/uploads/2025/09/cropped-LOGO-VEREIN_02-scaled-1.png" class="wp-image-429 style-442-image style-local-524-c11-image" alt="" srcset="https://foerderverein-jugend-und-erinnerungskultur.eu/wp-content/uploads/2025/09/cropped-LOGO-VEREIN_02-scaled-1.png 1904w, https://foerderverein-jugend-und-erinnerungskultur.eu/wp-content/uploads/2025/09/cropped-LOGO-VEREIN_02-scaled-1-768x770.png 768w, https://foerderverein-jugend-und-erinnerungskultur.eu/wp-content/uploads/2025/09/cropped-LOGO-VEREIN_02-scaled-1-1531x1536.png 1531w" sizes="auto, (max-width: 1904px) 100vw, 1904px" />
                      <div class="h-image__frame h-hide-lg h-hide-md h-hide-sm style-442-frameImage style-local-524-c11-frameImage"></div>
                    </div>
                  </div>
                </div>
              </div>
            </div>
          </div>
        </div>
      </div>
    </div>
  </div>
</div>

<p>ÜBER DEN VEREIN semper in memoria &#8211; immer in Erinnerung Im Bewusstsein der tiefgreifenden Verantwortung, die uns aus der Geschichte erwächst, engagieren wir uns aktiv für die Förderung gemeinnütziger Projekte, die das Gedenken an bedeutende historische Ereignisse lebendig halten. Unser Ziel ist es, das kollektive Gedächtnis nicht nur zu bewahren, sondern auch kontinuierlich zu stärken, [&hellip;]</p>
